 common factor of 40 and l.
8
Let j be 1/1*(1 + -2 - -104). Suppose 102*z + 45 = j*z. What is the highest common factor of z and 27?
9
Let k be (8/(-10))/(60/(-13350)) - -6. Suppose -3*c + 4*u = -u - 124, -u = -5*c + 192. Let l = c + -15. Calculate the greatest common divisor of k and l.
23
Let c = 5235 + -5217. Calculate the greatest common factor of c and 1215.
9
Let q be 15/30*4*(-2 - -5). Suppose k = q*k - 110. Let u be 3846/k - (-14)/77. Calculate the greatest common divisor of u and 70.
35
Suppose 5*s + 14 = -5*q - 16, 3*s = 3*q. Let h be (74/q)/((-58)/87). Suppose -33*c = -h*c + 100. What is the highest common factor of 275 and c?
25
Suppose 8*u + 296 - 408 = 0. Let n = -3 - -27. Let h be (-4)/(n/(-70))*3. What is the greatest common divisor of u and h?
7
Let y be 3 + 1 - (-140)/2. Let q(j) = 325*j - 9734. Let x be q(32). Calculate the highest common divisor of y and x.
74
Suppose 9*y - 83 - 110 = 32. Calculate the highest common factor of y and 9175.
25
Let u = 6383 + -6329. Calculate the highest common factor of u and 1026.
54
Let o = 67 + -61. Suppose -6*p + 192 = o*p. Let t be (4/(-3))/(p/(-36)). What is the highest common divisor of t and 2?
1
Let d = 762 - 710. Suppose 0 = h + 4*h - 5*y - 255, y + 207 = 4*h. What is the greatest common divisor of d and h?
52
Let x = 1306 + -1279. Calculate the highest common factor of 1431 and x.
27
Let g be (-14 - 747/(-54))*-60. What is the greatest common factor of 4045 and g?
5
Let t(m) be the second derivative of 5*m**4/6 + 2*m**3/3 - 58*m**2 + 90*m. Let s be t(-8). Calculate the highest common factor of 12 and s.
12
Suppose -2*w + j = 1, w = -2*w - j - 4. Let n(s) = -1307*s - 42. Let p be n(w). What is the greatest common factor of 23 and p?
23
Suppose -l + 166 = 5*y - 209, 225 = 3*y - l. Suppose 3*u = -a + y, -2*u = -4*u - 6. What is the highest common factor of 140 and a?
28
Suppose -3*v - 4*i = 741 - 3226, v = 5*i + 822. Suppose -v + 127 = -5*j. What is the highest common divisor of 28 and j?
28
Suppose -8*y = 5*y. Suppose y = 16*i - 10*i + 18. Let u be (-436)/(-18) - i/((-54)/4). What is the greatest common divisor of 6 and u?
6
Suppose 5*h - 6 = v, -4*h + 0 = -4. Let j be ((v + 0)*-3)/1. Suppose 5*i + u - 105 = -0*i, 81 = 3*i - j*u. What is the highest common factor of 154 and i?
22
Let i(c) = c**2 - c - 87. Suppose -14 = -b - 3. Let z be i(b). Calculate the greatest common factor of z and 207.
23
Suppose 589*l = -g + 594*l + 46, 0 = -5*g - l + 178. What is the greatest common divisor of g and 2556?
36
Let n be (37 - 36)/(3 - (-46)/(-16)). What is the highest common factor of 1048 and n?
8
Let q(n) = n**3 + 25*n**2 + 40*n + 46. Let c be q(-23). Let d be (3/(-2))/((-1)/92). Calculate the highest common factor of c and d.
46
Suppose -5*l + 37 = 12. Suppose 4*x - 30 = -l*y, x + 1 = 2*y + y. Let t be 203 + -14 + x + 4. What is the greatest common factor of t and 18?
18
Let n be ((-26)/((-2990)/(-23)))/((-2)/170). Calculate the highest common divisor of n and 37672.
17
Let d(c) = 288*c**3 + 3*c**2 - 2*c + 1. Let x be d(1). Let g = 338 - x. Calculate the greatest common divisor of g and 624.
48
Let r(s) = -2*s**2 - 22*s + 4. Let v be r(-9). Suppose -4*q + v = -56. Suppose -4 = -z, j + 8*z - 4*z - 19 = 0. Calculate the highest common factor of j and q.
3
Let k be 2/4 + (-6310)/(-20) + 9. Suppose 2*p + 3*p - k = 5*c, 5 = -c. What is the greatest common factor of 500 and p?
20
Let r = -474 - -789. Suppose 4*j + 4*i - 284 = -12, 0 = -j - 5*i + 88. What is the greatest common factor of j and r?
63
Suppose -4*h + 9*j = -9852, -h = 10*j - 12*j - 2464. What is the highest common factor of h and 72?
24
Suppose 6*p = 93 + 57. Let g be (p/(-10))/((-2)/4). Suppose -g*z = 2*x + x - 616, -5*z + 610 = 5*x. Calculate the highest common factor of 25 and z.
25
Suppose 26*x - 3 = 127. Suppose x*w - 46 = 4*k - 242, k - 32 = -3*w. What is the highest common factor of 143 and k?
11
Suppose 684 = -18*k + 22*k + 4*c, 3*k = -c + 509. What is the highest common divisor of k and 78?
13
Suppose 51*n - 965 - 287 - 227 = 0. Calculate the greatest common divisor of 3625 and n.
29
Let g(j) = -91*j - 624. Let c be g(-10). What is the greatest common factor of c and 806?
26
Suppose -5*s = -164 + 9. Suppose 37*f = s*f + 456. Calculate the greatest common factor of 114 and f.
38
Suppose 0 = 181*u - 183*u + 8. Let y(t) = 4*t**3 - 2*t**2 + 2. Let r be y(1). What is the highest common divisor of r and u?
4
Let c(i) = -i**2 - 49*i - 28. Let z be c(-44). Let y be 2*-2*(-32)/4. Calculate the highest common divisor of y and z.
32
Let x = -10464 + 11003. What is the greatest common factor of 22 and x?
11
Let b = -1017 + 1028. Suppose -3*w + 5*o + 244 = 0, -4*w - 3*o + 372 = 2*o. Calculate the highest common divisor of b and w.
11
Let t be (-398)/(-4) + (-21)/14. Let s = 96 - t. Let k = 16 - s. Calculate the greatest common factor of 36 and k.
18
Let s(i) = -i + 19. Let f be s(14). Let k(a) = a**3 + 0*a - 9*a + f*a**2 - 3 - 2 + 0. Let g be k(-6). What is the greatest common factor of g and 91?
13
Let h be (-365)/(-657)*3*3. Suppose -2*l = -0*l - r - 14, -33 = -5*l + 2*r. Calculate the highest common factor of h and l.
5
Let v be ((-270)/(-4))/(-9)*-6. Suppose 4*f + 7 = 27, 5*t = 2*f + v. Calculate the highest common factor of t and 44.
11
Let k be 5/((-10)/(-6)) + 9. Let t = 36 - k. Let c be (-1293)/(-6) + -8 + 34/4. Calculate the highest common divisor of c and t.
24
Suppose 0 = 6*r - 4*r - 22. Suppose -5*m = 5*o - 405, -11*m + 24 = -5*m. What is the greatest common divisor of r and o?
11
Let m(v) = -v**3 + 6*v - 2. Let o be m(2). Suppose 0*j = 3*j + 12, -80 = -2*c - 5*j. Calculate the greatest common factor of o and c.
2
Suppose 26 = 6*t - 154. Suppose 3*a - 21 = -b, -4*a - 5*b + 9 = -t. Calculate the greatest common factor of 96 and a.
6
Let y = -193 + 273. Let a(r) = -46*r - 100. Let s be a(-10). Calculate the greatest common divisor of y and s.
40
Let c be 46*6*(-15)/(-70)*7. Suppose 2*m - 3*b = 12 + 24, 0 = 2*b. What is the greatest common divisor of m and c?
18
Let o(d) = -23*d**2 + 51*d - 6. Let m be o(2). Suppose 5*q + 41 - 141 = 0. Calculate the greatest common factor of q and m.
4
Let n = 2442 - 2392. What is the greatest common divisor of n and 1450?
50
Suppose -16*o + 641 = 497. Let c = -14 + 9. Let t(g) = -16*g + 1. Let f be t(c). What is the greatest common factor of o and f?
9
Let c = 69 - 82. Let j(r) = r**2 + 9*r - 50. Let y be j(c). Suppose -2*p + 138 = -y*m, 8*m = 3*p + 6*m - 202. What is the highest common divisor of 96 and p?
32
Let a be 0 - 2 - (3 - (-7 + 604)). Calculate the greatest common factor of 16 and a.
16
Let k be ((-8)/(-12) - (-1394)/6) + 1. Let p = -138 + k. Calculate the highest common factor of 72 and p.
24
Suppose -1 = -53*o + 54*o. Let n(u) = -58*u - 4. Let v be n(o). What is the greatest common factor of v and 6?
6
Let y be (-39)/15 + 15/25 + 79. Let r = y + -48. What is the highest common factor of r and 145?
29
Suppose 0 = -106*i + 212767 - 15557 + 49558. Calculate the greatest common divisor of i and 264.
24
Suppose 125 = 5*c - 180. Let t be (-2 + -2 - 1) + (-161 - -1). Let d = 287 + t. What is the highest common factor of c and d?
61
Suppose -357 = 2*q + 5*q. Let x = -38 - q. Suppose -41 - 89 = -5*o. What is the greatest common divisor of x and o?
13
Let z be (-33)/(-3) + 2 + 3. Let g(v) = -v**3 + 17*v**2 - 16*v + 11. Let s be g(z). What is the highest common divisor of 121 and s?
11
Let n = -22006 + 22149. What is the highest common divisor of 539 and n?
11
Let k = -7845 - -8052. What is the highest common divisor of 184 and k?
23
Let b(y) = y**3 - 16*y**2 - 15*y + 8. Let k be b(17). Suppose 4*r = 20*r - 4032. Calculate the highest common factor of r and k.
42
Let n be (-22)/(-4)*(23 - -3). Let q = n - -19. Suppose -3*u = -4*b - 66, -3*u - 3*b + 42 = b. What is the greatest common factor of q and u?
18
Let k(f) = f**2 - f - 4. Let p be k(-2). Suppose -p*r = 13 - 25. Let a be ((-2)/r - -2) + 6/(-9). What is the greatest common divisor of a and 2?
1
Suppose 2*d - 588 = -586. Let n be (-8 + 7)/(1 - 0). Let j be 10 - (n + d)/(-4). Calculate the highest common factor of j and 4.
2
Suppose -4*m = -m - 90. Let v(k) = 1151*k + 11550. Let n be v(-10). What is the highest common divisor of n and m